mmon factor of o and 99?
9
Let h = 14 - 2. Let b be (-7)/(14/6)*1 - -135. What is the greatest common factor of h and b?
12
Let t = 36 - 22. Let n(m) = -3*m**3 + m**2 + m - 1. Let d be n(1). Let v = d + 23. What is the highest common factor of t and v?
7
Let w be ((-60)/42)/(2/(-14)). Let z(c) = 2*c**3 - 6*c**2 + 10*c. Let b be z(3). What is the greatest common factor of w and b?
10
Suppose -h - 11 - 20 = 0. Let d = -13 - h. Let x = -87 + 123. Calculate the greatest common divisor of d and x.
18
Let y be (22/(-6))/(1/(-51)). Suppose -y + 50 = -5*d - 3*a, 5*a - 20 = 0. What is the greatest common divisor of 5 and d?
5
Let m be (195/10)/((-2)/(-40)). Let r be m/25 - (-2)/5. Let u(z) = 49*z**2 - 1. Let t be u(-1). Calculate the highest common divisor of r and t.
16
Suppose -5*w + 3*i = 80, 2*w + 80 = -5*i + 17. Suppose -90 = 5*k + 150. Let v = w - k. Calculate the highest common divisor of 87 and v.
29
Let i be -7 - -15 - (3 - 0). Suppose -i*l = -404 - 46. What is the greatest common factor of 30 and l?
30
Suppose -2*s + 4*w + 30 = 0, 0 = 4*w + 4. Let c be ((6 - 2) + 22)/(1/2). Calculate the highest common divisor of c and s.
13
Suppose -3*v + 2*d = 3*d + 10, 5*v + 18 = -3*d. Let y be 13/(v/(-3)) + -4. What is the highest common factor of 72 and y?
9
Suppose -10*b + 118 + 152 = 0. Calculate the highest common divisor of 639 and b.
9
Let p(z) = -4*z - 18. Let r be p(-14). Calculate the highest common factor of r and 342.
38
Let d = -360 + 381. What is the greatest common factor of d and 63?
21
Let q(x) = x**3 + x**2 - 34*x - 19. Let j be q(-6). Let y be (10/4)/(2/4). What is the highest common factor of j and y?
5
Let n be (-16)/(-8) - (2 + -2). Suppose -56 = n*t - 6*t. Let k be (-42)/4*2/(-3). What is the highest common divisor of t and k?
7
Let i = -41 - -62. Suppose -x - 210 = -2*x. What is the highest common divisor of x and i?
21
Suppose -4461 = -7*b - 1661. What is the greatest common factor of b and 25?
25
Suppose -14 - 22 = -c. Suppose 5*q = -4*q + c. Suppose 0 = -4*l - 0*l + 4*g + 32, 0 = 3*g + 12. Calculate the highest common factor of q and l.
4
Suppose 4*j + 108 = 940. What is the highest common divisor of j and 16?
16
Let y(b) = -b**3 + 9*b**2 + 4*b + 8. Let q be 17/2 - 12/(-24). Let r be y(q). What is the highest common divisor of 4 and r?
4
Let s be 830/30 + (2/(-3) - -1). Calculate the greatest common factor of 7 and s.
7
Suppose z - 65 = -2*z - 4*x, 60 = 3*z + 3*x. Suppose -13*j - 6 = -z*j. What is the greatest common factor of j and 3?
3
Let i = 4 + -2. Suppose i*o = 4*o - 4. Suppose 3 = -o*a + 33. Calculate the highest common divisor of a and 6.
3
Let w(m) = -9*m + 37*m**2 + 0*m - 32*m**2 + 2*m. Let s be w(3). What is the greatest common divisor of s and 18?
6
Let l be 2/(-1 - 6/(-5)). Let x(f) = 2*f**2 + 9*f - 11. Let w be x(-9). Calculate the highest common factor of l and w.
10
Let a = -2516 - -2978. Calculate the greatest common factor of a and 63.
21
Let b = 490 - 455. What is the highest common factor of b and 245?
35
Let l(g) = -7*g - 4. Let x be l(-8). Let v = 1 + 21. Suppose 108 = o - v. Calculate the highest common factor of o and x.
26
Let i be 20/11 + -2 + 633/33. Suppose -a - i + 29 = 0. Calculate the highest common divisor of 50 and a.
10
Let i = 110 - 66. Suppose 485 = 3*m + 155. What is the greatest common divisor of i and m?
22
Suppose -3 = l + 4*b, l + 5*b = -1 - 3. Let q(d) = -8*d + 10*d + 6*d - 2 + d. Let w be q(l). Calculate the highest common divisor of 42 and w.
7
Let d = -1143 - -1181. What is the greatest common factor of 418 and d?
38
Let q be ((99/2)/11)/(1/2). Calculate the greatest common divisor of 45 and q.
9
Suppose -m + 95 = 4*m. Let x = m - 10. What is the highest common divisor of x and 45?
9
Let t(s) = -8*s + 4. Let j(u) = -15*u + 7. Let d(f) = 6*j(f) - 10*t(f). Let y be d(-1). Calculate the greatest common divisor of 8 and y.
4
Let f = -14 - -8. Let w(b) = b**3 + 7*b**2 + 4*b - 13. Let q be w(f). Let y(g) = -11*g**3 + g + 2. Let d be y(q). What is the highest common factor of 12 and d?
12
Let m(y) = y**2 + 3*y - 4. Let f be m(-4). Suppose f = -3*s + 52 + 20. What is the highest common factor of s and 12?
12
Suppose -7*k = 4*o - 9*k - 278, 4*o + 5*k - 285 = 0. Suppose -8*m + 16 = -6*m. Let v = 18 - m. What is the highest common divisor of v and o?
10
Suppose d = -1, 0 = 3*w - d - 7 - 3. Suppose -w*k - 2*i + 6 = -3*i, -4*k + i = -8. Let x = 9 + k. What is the highest common factor of 55 and x?
11
Let f(q) = 4*q**2 - 3*q - 4. Let y be f(4). Let m = y + -14. Let s(k) = k**3 + 6*k**2 - 4*k + 6. Let c be s(-5). What is the highest common divisor of m and c?
17
Let z(r) = -2*r**2 + 13*r + 11. Suppose 7*a - 30 = 2*a. Let d be z(a). What is the highest common divisor of 17 and d?
17
Let l = 117 + 91. Suppose 4*q - 182 = -3*q. Calculate the highest common factor of l and q.
26
Suppose 5*v - o - 417 = 0, -5*o + 27 - 96 = -v. Let i(f) = 4*f + 4. Suppose -3*g + 12 = -6. Let n be i(g). Calculate the greatest common factor of n and v.
28
Let r be -2*(2 + (3 - 2) + -157). What is the greatest common factor of r and 28?
28
Let o be ((-63)/(-28))/(12/320). Calculate the greatest common factor of o and 540.
60
Let u = -804 + 1364. What is the greatest common factor of u and 10?
10
Suppose 9*p = 444 - 75. Calculate the greatest common factor of 697 and p.
41
Let r(m) = 8*m**2 + 2*m - 6. Let b be r(2). Suppose 0*z - 3*z = 3*d + 1410, 3*d + 2352 = -5*z. Let o = -261 - z. What is the highest common factor of o and b?
30
Let m(n) = -5*n + 1. Let j be m(-1). Suppose 0 = f - j*f. Suppose -b + 9 - 2 = f. What is the greatest common factor of 7 and b?
7
Suppose 4*h = 88 + 32. Let j(q) = -q**3 + 3*q**2 + q + 3. Let c be j(4). Let v = c + h. What is the greatest common divisor of 42 and v?
21
Suppose 7*j - 5*j + 878 = -4*i, -3*i - j - 656 = 0. Let w = -147 - i. What is the greatest common divisor of 14 and w?
14
Suppose -q - d + 67 = -5*d, 5*q - d = 316. Suppose 29*g + 14*g = 301. What is the greatest common factor of q and g?
7
Suppose -93 = -6*a + 3*a - 3*f, 2*a = 2*f + 54. Suppose -5*g - y = -582, y = 2*g + 95 - 325. What is the greatest common factor of g and a?
29
Let n be 5*(3 + -4 - -6) - -5. What is the greatest common factor of 430 and n?
10
Let y = -43 + 73. Calculate the highest common divisor of y and 15.
15
Let w = 12 - 8. Let v(q) = -2*q**2 + 5*q + 3. Let z be v(w). Let s = 66 + z. What is the highest common factor of s and 19?
19
Suppose 2*c - 18 = c. Let x(h) = h**3 + 4*h**2 - h - 2. Let i be x(-4). Suppose -i*j + 5 = -13. Calculate the greatest common factor of j and c.
9
Let j(i) = 412*i**2 + 2*i - 2. Let f be j(1). Calculate the greatest common divisor of f and 16.
4
Suppose -h = 2*n + 9, 10*h - 9*h = -n - 4. Let j(b) = -8*b - 1. Suppose 3 - 2 = -i. Let d be j(i). What is the highest common divisor of h and d?
1
Let h be (-12)/(-7) - (132/(-21) + 6). Let u = 9 + -6. Calculate the greatest common divisor of u and h.
1
Suppose 0 = -4*g + 4*l + 4, 3*l = 4*g - 0*l - 8. Suppose -4*h + 13 = 4*q - g*h, -1 = h. Suppose 8 = q*n + n. Calculate the highest common factor of n and 8.
2
Let k be ((-978)/48*-4)/((-2)/(-68)). Calculate the highest common factor of 17 and k.
17
Suppose 6*m - 25 = m. Let u be ((-4)/(-6))/((-14)/(-210)). What is the highest common divisor of u and m?
5
Let p be (-2)/(-13) - 824/(-52). Suppose -13 = 2*m - 17. Suppose -m*i + 0*i + 160 = 0. What is the greatest common divisor of p and i?
16
Suppose 132 = -2*z - 2*l, -5*l + 48 = -z - 0*z. Let k be (8/6)/((-6)/z). Calculate the greatest common divisor of 14 and k.
14
Let s be ((-6)/(-9) - (-2)/3)*66. Let r(n) = -n**2 - 4*n + 7. Let q be r(-5). Suppose 0 = -q*m + 21 + 1. Calculate the highest common factor of s and m.
11
Suppose -5*s = -7*s + 28. Calculate the highest common divisor of s and 42.
14
Let g be 4*4/12*21. What is the highest common divisor of g and 448?
28
Let m be 10 - 6/(1 - 0). What is the greatest common factor of m and 52?
4
Suppose -l = -6*l + 280. Suppose 372 = -53*b + l*b. Calculate the greatest common divisor of 31 and b.
31
Let b(l) = 3*l**2 - 19*l + 35. Let p be b(11). Let s = 35 + p. What is the highest common factor of s and 14?
14
Suppose 4 = 3*f + h + 3, 2*h + 2 = -2*f. Let v = -8 - -13. Suppose -v*m - 16 = -0*o